{"id":55,"date":"2025-02-15T19:45:47","date_gmt":"2025-02-15T18:45:47","guid":{"rendered":"https:\/\/www.ciebie.eu\/?page_id=55"},"modified":"2025-02-15T20:14:08","modified_gmt":"2025-02-15T19:14:08","slug":"o-firmie","status":"publish","type":"page","link":"https:\/\/www.ciebie.eu\/index.php\/o-firmie\/","title":{"rendered":"O firmie"},"content":{"rendered":"<div data-contents=\"true\">\n<div class=\"\" data-block=\"true\" data-editor=\"fpbhk\" data-offset-key=\"ajef9-0-0\">\n<h3 class=\"_1mf _1mj\" data-offset-key=\"ajef9-0-0\"><span data-offset-key=\"ajef9-0-0\">Pompy ciep\u0142a \u2013 od projektu do monta\u017cu. Rozwi\u0105zania IoT.<\/span><\/h3>\n<\/div>\n<h3 class=\"_1mf _1mj\" data-offset-key=\"fltia-0-0\"><span data-offset-key=\"fltia-0-0\">Magazyny energii elektrycznej.<br \/>\n<\/span><\/h3>\n<h3>Magazyny energii cieplnej.<\/h3>\n<h3 class=\"_1mf _1mj\" data-offset-key=\"7j3qt-0-0\"><span data-offset-key=\"7j3qt-0-0\">Po\u0142\u0105czenie z systemami fotowoltaicznymi. Grzejemy i ch\u0142odzimy. Tw\u00f3j dom \u2013 jedno urz\u0105dzenie. <\/span><\/h3>\n<h3 class=\"_1mf _1mj\" data-offset-key=\"7j3qt-0-0\"><span data-offset-key=\"7j3qt-0-0\">Basen te\u017c damy rad\u0119 ogrza\u0107 \ud83d\ude42<br \/>\n<\/span><\/h3>\n<h3 class=\"_1mf _1mj\" data-offset-key=\"aurde-0-0\"><span data-offset-key=\"aurde-0-0\">Wersje monoblok i split. SCOP na poziomie 3,5\/4\/5,33 dla wersji z gazem R32, praca w standardzie do -23 C lub ni\u017cej np. -28C, -30C. Grzanie +65C, do wy\u017cszej temperatury te\u017c 75C dla r290, wersje o sta\u0142ej wydajno\u015bci cieplnej i inne.<\/span><\/h3>\n<p><img loading=\"lazy\" decoding=\"async\" class=\"alignnone size-full wp-image-70 aligncenter\" src=\"https:\/\/www.ciebie.eu\/wp-content\/uploads\/2025\/02\/gwha.png\" alt=\"\" width=\"334\" height=\"333\" srcset=\"https:\/\/www.ciebie.eu\/wp-content\/uploads\/2025\/02\/gwha.png 334w, https:\/\/www.ciebie.eu\/wp-content\/uploads\/2025\/02\/gwha-300x300.png 300w, https:\/\/www.ciebie.eu\/wp-content\/uploads\/2025\/02\/gwha-150x150.png 150w\" sizes=\"auto, (max-width: 334px) 100vw, 334px\" \/><\/p>\n<\/div>\n<h3>Dzia\u0142amy od 1992 roku.<\/h3>\n<h3>G\u0142\u00f3wne zakresy dzia\u0142alno\u015bci:<\/h3>\n<ul>\n<li>\n<h3>telekomunikacja \u2013 dostawy sprz\u0119tu pomiarowego,<\/h3>\n<\/li>\n<li>\n<h3>spektrometria \u2013 spketrofotometria,<\/h3>\n<\/li>\n<li>\n<h3>laboratorium zgodne ISO 17025,<\/h3>\n<\/li>\n<li>\n<h3>automatyka \u2013 IoT,<\/h3>\n<\/li>\n<li>\n<h3>integracja system\u00f3w ogrzewania,<\/h3>\n<\/li>\n<li>\n<h3>systemy klimatyzacji i ogrzewania, pompy ciep\u0142a,<\/h3>\n<\/li>\n<li>\n<h3>systemy fotowoltaiczne zintegrowane z systemami ch\u0142odzenia i ogrzewania CO, CWU,<\/h3>\n<\/li>\n<li>\n<h3>naprawa i kalibracja sprz\u0119tu pomiarowego.<\/h3>\n<\/li>\n<\/ul>\n<p><img loading=\"lazy\" decoding=\"async\" class=\"size-full wp-image-73 aligncenter\" src=\"https:\/\/www.ciebie.eu\/wp-content\/uploads\/2025\/02\/pv.png\" alt=\"\" width=\"428\" height=\"267\" srcset=\"https:\/\/www.ciebie.eu\/wp-content\/uploads\/2025\/02\/pv.png 428w, https:\/\/www.ciebie.eu\/wp-content\/uploads\/2025\/02\/pv-300x187.png 300w\" sizes=\"auto, (max-width: 428px) 100vw, 428px\" \/><\/p>\n<h3><\/h3>\n<div class=\"entry-content clearfix\">\n<h3><\/h3>\n<\/div>\n","protected":false},"excerpt":{"rendered":"<p>Pompy ciep\u0142a \u2013 od projektu do monta\u017cu. Rozwi\u0105zania IoT. Magazyny energii elektrycznej. Magazyny energii cieplnej. Po\u0142\u0105czenie z systemami fotowoltaicznymi. Grzejemy i ch\u0142odzimy. Tw\u00f3j dom \u2013 jedno urz\u0105dzenie. Basen te\u017c damy rad\u0119 ogrza\u0107 \ud83d\ude42 Wersje monoblok i split. SCOP na poziomie 3,5\/4\/5,33 dla wersji z gazem R32, praca w standardzie do -23 C lub ni\u017cej np. [&hellip;]<\/p>\n","protected":false},"author":1,"featured_media":8,"parent":0,"menu_order":0,"comment_status":"closed","ping_status":"closed","template":"","meta":{"footnotes":""},"class_list":["post-55","page","type-page","status-publish","has-post-thumbnail","hentry"],"_links":{"self":[{"href":"https:\/\/www.ciebie.eu\/index.php\/wp-json\/wp\/v2\/pages\/55","targetHints":{"allow":["GET"]}}],"collection":[{"href":"https:\/\/www.ciebie.eu\/index.php\/wp-json\/wp\/v2\/pages"}],"about":[{"href":"https:\/\/www.ciebie.eu\/index.php\/wp-json\/wp\/v2\/types\/page"}],"author":[{"embeddable":true,"href":"https:\/\/www.ciebie.eu\/index.php\/wp-json\/wp\/v2\/users\/1"}],"replies":[{"embeddable":true,"href":"https:\/\/www.ciebie.eu\/index.php\/wp-json\/wp\/v2\/comments?post=55"}],"version-history":[{"count":9,"href":"https:\/\/www.ciebie.eu\/index.php\/wp-json\/wp\/v2\/pages\/55\/revisions"}],"predecessor-version":[{"id":75,"href":"https:\/\/www.ciebie.eu\/index.php\/wp-json\/wp\/v2\/pages\/55\/revisions\/75"}],"wp:featuredmedia":[{"embeddable":true,"href":"https:\/\/www.ciebie.eu\/index.php\/wp-json\/wp\/v2\/media\/8"}],"wp:attachment":[{"href":"https:\/\/www.ciebie.eu\/index.php\/wp-json\/wp\/v2\/media?parent=55"}],"curies":[{"name":"wp","href":"https:\/\/api.w.org\/{rel}","templated":true}]}}